ivative of -s**3/2 - 25*s**2/2 + 2*s - 4. Let q(f) = 7*b(f) - 2*z(f). Determine q(-4).
-2
Let s = -11 + 36. Suppose -5*k = -0*k + s. Let n(m) = 224*m**2 + 15*m - 32. Let h(v) = 79*v**2 + 5*v - 11. Let u(r) = -17*h(r) + 6*n(r). What is u(k)?
-5
Suppose -q = -5*s - 94, 2*q + s - 135 = 9. Let n(a) = 31*a - 6 + 32*a - a**2 - q*a. What is n(-10)?
4
Let w(z) = 616*z + 6166. Let g be w(-10). Let l(c) = -23*c + 20. Determine l(g).
-118
Suppose -2*u + 6 = n, 2*u - u = n - 18. Let h be (n - 4) + -5*1. Suppose h*z = -2*d + 3 - 32, 5*z = d - 23. Let g(v) = 15*v + 2. Give g(d).
-28
Let o(b) be the first derivative of -2*b - 5/2*b**2 - 1. Let h be (-20 - 1088/(-56)) + (295/(-35) - -7). Give o(h).
8
Let v(c) = -4051*c - 4051*c + 7 - 4045*c + 12148*c. Let h be (-2)/(-6)*5*3. Determine v(h).
12
Let l = -260 - -263. Let s(b) = 0*b + 158 - 310 + 157 - l*b. What is s(4)?
-7
Let y(g) = -g**2 + 10*g + 58. Let s be y(14). Let d(r) = 0 - 24*r - s + 23*r + r**2. Calculate d(2).
0
Let b(i) = -8*i**2 - 2*i - 1. Let n = -30 + 40. Suppose -28*j + n = -38*j. What is b(j)?
-7
Let w be (-1092)/(-77) + (-2)/11. Suppose 0 = -m + 2*l + 13, -m - 3*l = w - 2. Let b(o) = -1 + m*o + 0*o + 0*o + 2 - o**2. Give b(5).
-9
Let u(l) = l + 1. Let x be u(1). Let j(t) be the second derivative of -t**4/6 + t**3/3 - 3*t**2/2 + 16342*t. What is j(x)?
-7
Let n be 1/2*(328 - 326). Let c(v) = 6*v**3 - 3*v**2 + 4*v - 2. Calculate c(n).
5
Let c(b) = -b**2 - 15*b - 13. Let h(y) = 2*y**2 + 32*y + 27. Let j(w) = 5*c(w) + 2*h(w). Suppose 2*g = -4*k - 2, -3*g - 106 + 67 = -3*k. Calculate j(g).
7
Let d(h) = -h**2 + 8*h - 8. Let a be ((-14)/(-6))/((-3)/(-144)*4). Suppose q + 2*z = -2*q + a, 4*z - 38 = -3*q. What is d(q)?
4
Suppose 2*t - 5*f + 1 = 16, t = -4*f + 1. Let r(p) = -15*p - 5. Let u(a) = -8*a - 3. Let y be 27/54*-2*(-1 + -4). Let s(j) = y*u(j) - 3*r(j). Give s(t).
25
Let q(z) = -z**2 - 4*z + 77. Let p be 46656/(-4698) - ((-2)/(-58)*-85 + 3). Determine q(p).
17
Let u(h) = -2*h + 5. Let n(c) = -c + 3. Suppose 5*j + 5*t = -0*j + 15, 4*t - 24 = 2*j. Let s(k) = j*u(k) + 3*n(k). Suppose 0*r = -r - 3. What is s(r)?
-4
Suppose 126*d = 124*d - 2*q + 236, 0 = 3*q + 9. Let b = -117 + d. Let n(c) = -2*c**2 + 5*c + 3. Determine n(b).
-9
Let v = -367 + 372. Let s(b) = -4*b**2 - 6*b**3 + 3 + v*b**3 + 74*b - 75*b. Calculate s(-4).
7
Let k(z) be the second derivative of -z**3/2 + 49*z**2 - 4092*z. What is k(30)?
8
Let f(s) = 2*s**2 - 2*s - 22. Let h = -8664 + 8660. Give f(h).
18
Suppose 4*u - o - 12 = 0, 4*u - o = -u + 16. Let j(s) = -3*s + u*s - 1 - 5 + 4*s. Let g(c) = -c. Let h(l) = -6*g(l) - j(l). Give h(0).
6
Suppose 4*f = 12, -j + 3*f - 2 = 8. Let o(q) = 332 - 472 + 138 + 3*q. What is o(j)?
-5
Let a(f) = -f**3 - 15*f**2 - f - 4. Suppose -97*x + 41*x = 840. Determine a(x).
11
Let m(w) be the second derivative of -w**6/360 + w**4/24 + 13*w**3/6 - 11*w. Let y(p) be the second derivative of m(p). Calculate y(-3).
-8
Suppose 5*c - 3*g - 259 = 0, -5*c + 5*g + 222 + 33 = 0. Let u = 49 - c. Let y(t) = 4*t - 20*t + 3*t**2 - 3 + t**3 + 8*t + 9*t. Give y(u).
-23
Let a be 61/((-61)/12) - (1 + -5). Suppose -2 = -2*s + 4*s. Let b be a/2 - (4 + s + -2). Let i(l) = -l**3 - 4*l**2 + 4*l - 1. Give i(b).
4
Let g(h) = 18*h - 90. Let y(f) = 28*f - 97. Let p(v) = 4*g(v) - 3*y(v). Calculate p(-7).
15
Let s(l) = -9*l - 24. Let p be s(-7). Let d = -39 + p. Suppose 3*f + 2*o - 22 = -d*f, 2*o + 2 = f. Let m(r) = r**3 - 5*r**2 - 6*r + 2. What is m(f)?
2
Let b(k) be the first derivative of 2*k**3/3 + 15*k**2 + 5*k - 126. Give b(-15).
5
Let b(j) = -j**3 + j**2 + j - 2. Let x(t) = -5*t + 671*t**2 + 666*t**2 - 1342*t**2 + 9 + 20*t**3. Let i(w) = -4*b(w) - x(w). Calculate i(1).
-15
Let p(n) = n - 2. Let y be (200 - 2) + 1 - (-31 + 28). Suppose 193*f + 81 = y*f. Give p(f).
7
Let u(g) be the first derivative of g**3/3 + 17*g**2/2 - 2*g - 13611. Determine u(-12).
-62
Let x(f) be the second derivative of 3*f**3/2 + 23*f**2/2 + 6425*f. Give x(-7).
-40
Let k be -4*(-4 + 60/16). Let z be k/(-2 + 1) - (-2)/2. Let l(o) be the second derivative of -o**4/12 + 2*o**2 + 4*o. What is l(z)?
4
Let k be ((-16)/(-6))/(-4)*-6. Let j(m) be the second derivative of 1/20*m**5 + 9/2*m**2 - 18*m + 0 - 1/3*m**k - 5/3*m**3. What is j(6)?
21
Suppose 0 = 51*s - 49*s + n + 22, 0 = -3*s + 5*n - 7. Let r(p) = -p - 2 + 2 + 4 + 0*p. Determine r(s).
13
Let h(t) = 7 - 17*t**2 - 38 + 2*t**2 + t**3 - 13 - 14*t + 3. What is h(16)?
-9
Let b = 555 - 551. Let j(a) = -6 - 6 + b + 0*a - 3*a + 6*a. What is j(6)?
10
Suppose -14 - 28 = -2*l - 6. Let b(d) = -d**3 + 20*d**2 - 37*d - 9. Calculate b(l).
-27
Let j(c) = 87*c**3 - 3*c**2 + 4*c - 2. Let r(x) = -151*x - 11777. Let v be r(-78). What is j(v)?
86
Let u = 21 - 24. Let f be (-10*(u + (-17)/(-5)))/(-1). Let c(y) = 3*y - 1. Let p(g) = 4*g. Let a(q) = f*p(q) - 5*c(q). Give a(-10).
-5
Let w(q) = 4 - q + 5 - 3 + 0*q. Let i = 22762 - 22758. What is w(i)?
2
Suppose 115 + 137 = -7*r. Let f be 184/28 + (2 - r/(-14)). Let v(w) = -8 + 6*w**2 + 0*w**3 + 0*w**3 - w**3. Calculate v(f).
-8
Let g(n) = -2*n + 47. Let d = 11889 + -11863. What is g(d)?
-5
Let d(m) = 5*m - 1. Let g be d(-1). Suppose 3*u - 4*b = 32, 34 = 5*u + 4*b - b. Let k(a) = -6*a**2 + 7 + u*a - 4*a - 2*a - a**3. What is k(g)?
-5
Let d(m) = 3*m - 10. Suppose -50*q - 183 - 167 = -50. What is d(q)?
-28
Suppose -73*o + 75*o + 6*q - 48 = 0, 0 = o + 4*q - 31. Let y(r) = -5*r**2 - 5. Determine y(o).
-50
Suppose i + 16 = -4*i - 4. Let a(g) be the first derivative of g**4/12 + g**3/2 - 2*g**2 - g - 2. Let u(m) be the first derivative of a(m). Calculate u(i).
0
Let x = -37 - -69. Suppose -143 = x*b + 17. Let a(n) = n + 6. Give a(b).
1
Let y(m) = 3*m**2 - 60*m + 294. Let l(g) = -571*g + 14857. Let a be l(26). Give y(a).
-3
Let p = -2147 - -2148. Let v(t) = 26*t**2 - t + 1. Give v(p).
26
Let m(d) = -d - 197. Let k(s) = 21. Let c(l) = 9*k(l) + m(l). Give c(-15).
7
Let h(x) = -x**3 + 13*x**2 - 7*x - 29. Let f be h(12). Let i(q) = -28 - 2*q + 27 - 33*q**2 + f*q**2. Give i(-2).
-5
Let z(j) be the third derivative of j**4/8 + 11*j**3/6 - j**2. Let y = -16346 + 16341. What is z(y)?
-4
Let q(d) = 19*d + 19. Let b be q(0). Let z(x) = -474*x - b + 483*x - x**2 - 1. Determine z(6).
-2
Let o(x) = -3*x + 3. Let y = 19 + -15. Let a be (2 + 7 + -1)*2/y. Let m be -2 + ((-7)/a)/(3/(-12)). What is o(m)?
-12
Let z(x) = x**2 + 3*x + 1. Let o(q) = 22*q + 19 - 4 + 16*q**2 - 8*q**2 - 2*q**2. Let p(k) = o(k) - 5*z(k). Determine p(-4).
-2
Suppose -7*f = -10*f. Suppose -t + h + 31 = 7, -3*t - 2*h + 62 = f. Let a(y) = -66 + y + t + 23 + 18. Determine a(7).
4
Let k(r) be the second derivative of r**8/6720 - r**7/504 + r**6/720 - r**5/20 + 11*r**4/3 - 3*r. Let h(b) be the third derivative of k(b). Give h(5).
-1
Let i(t) = -11 + 0*t - 3*t - t + 5*t + 6. Let h be i(11). Let s(c) = 2*c**2 - 13*c + 6. Give s(h).
0
Let r = 3660 + -3652. Let l(c) = -c**3 + 10*c**2 - 9*c + 3. Calculate l(r).
59
Let q(y) = -423 + 395 + 27*y - 29*y. Suppose c + 10 = -g + 2*c, 3*g - 2*c + 32 = 0. What is q(g)?
-4
Let j(a) = -15*a + 770. Let n be j(51). Let b(r) be the second derivative of -r**3/3 - 7*r**2/2 - 11*r. Give b(n).
-17
Let r(p) = p**3 + 4*p**2 + p - 3. Let c = -50 - -65. Let v(y) = 19*y**2 - 16 + 6*y + c*y**3 - 5*y**3 - 5*y**3. Let h(s) = 11*r(s) - 2*v(s). What is h(-6)?
5
Let i be (-1510)/(-35) + (-20)/140 - 8. Let o(t) = -t**2 + 19*t + 562. What is o(i)?
2
Let f = -38113/6 - -6354. Let g(a) be the second derivative of -a**2 + 0 - f*a**3 - 25*a. Determine g(2).
-24
Let y be 12/8 + 3*4/8. Let s(r) = r + 4. Let a(p) = -p - 7. Let l(c) = y*a(c) + 5*s(c). Calculate l(3).
5
Suppose -9*v - 11 + 38 = 0. Let i be ((-3)/9)/((-4)/24). Suppose 0*c + 5 = -5*c + i*o, -15 = v*o. Let b(g) = g**3 + g**2 - 3*g - 1. What is b(c)?
-10
Let m(g) = 5*g - 2. Suppose 40*f - 46*f = -1692. Suppose -294*n + f*n = 12. Give m(n).
-7
Let b = 41 + -83. Let k = 56 + b. Let r(g) = -k*g + 18*g - g**2 - 8 + 3 + 2*g**2. What is r(-4)?
-5
Let v(g) = 694*g**2 - 341*g**2 + 4*g - 7 - 354*g**2. Determine v(8).
-39
Let f(r) be the second derivative of r**4/6 + 5*r**3/6 + r**2 - r. Suppose 2 = b + 4*y - 6*y, -y = -3*b + 6. Suppose -c - 1 = b. Give f(c).
5
Let k(l) = -5*l - 825 + 832 - l + 2*l + l**2 - 2*l. Give k(3).
-2
Let b(n) = n**2 + 41*n + 359. Suppose 0 = -9*w - s - 